n factor of 149 and 7605854.
149
Calculate the highest common divisor of 2670 and 840.
30
What is the greatest common factor of 6823 and 1?
1
Calculate the highest common factor of 109752 and 6732.
204
Calculate the highest common factor of 2064 and 58308.
516
What is the highest common divisor of 6936 and 15198?
102
Calculate the greatest common divisor of 4 and 9187.
1
Calculate the greatest common divisor of 6880 and 300140.
860
Calculate the greatest common divisor of 96 and 401.
1
Calculate the highest common divisor of 2342580 and 60.
60
Calculate the greatest common factor of 94 and 987.
47
What is the greatest common factor of 4330 and 304832?
866
Calculate the highest common divisor of 52 and 73918.
26
Calculate the greatest common divisor of 3 and 617787.
3
What is the greatest common divisor of 120132 and 13632?
852
What is the greatest common divisor of 51244 and 1242?
46
What is the greatest common factor of 742 and 21854?
14
What is the greatest common divisor of 5660 and 320?
20
What is the greatest common divisor of 392 and 863128?
56
Calculate the greatest common divisor of 931 and 684.
19
Calculate the highest common factor of 74700 and 1620.
180
Calculate the greatest common divisor of 1178 and 553071.
589
Calculate the greatest common divisor of 8762 and 78.
26
What is the greatest common divisor of 1082 and 2637375?
541
What is the greatest common divisor of 124 and 3007?
31
What is the highest common divisor of 48 and 1053984?
48
Calculate the highest common factor of 24 and 616632.
24
What is the highest common divisor of 2830 and 170?
10
What is the greatest common divisor of 2094 and 199279?
349
Calculate the highest common factor of 3683 and 1943.
29
What is the greatest common factor of 229796 and 7?
7
Calculate the greatest common divisor of 220 and 115390.
110
Calculate the highest common factor of 22678 and 170.
34
What is the highest common factor of 276 and 248883?
69
Calculate the greatest common divisor of 60526 and 240962.
1142
Calculate the highest common divisor of 486562 and 290.
58
What is the greatest common divisor of 626211 and 859?
859
What is the greatest common divisor of 16791 and 522?
87
Calculate the highest common factor of 318608 and 112.
16
Calculate the greatest common divisor of 7266 and 4578.
42
Calculate the greatest common factor of 434850 and 75.
75
Calculate the greatest common factor of 10232 and 1.
1
What is the greatest common divisor of 1530716 and 1672?
836
Calculate the highest common factor of 975 and 5025.
75
Calculate the greatest common divisor of 39538 and 265.
53
What is the highest common factor of 5 and 46105?
5
Calculate the highest common divisor of 26 and 6421519.
13
Calculate the greatest common divisor of 98201 and 849.
283
Calculate the highest common factor of 124474 and 1190.
238
What is the highest common divisor of 3715 and 530?
5
What is the highest common divisor of 20430 and 60609?
681
Calculate the highest common factor of 7863 and 48.
3
What is the highest common factor of 4482374 and 78?
26
Calculate the greatest common divisor of 192 and 31744.
64
Calculate the greatest common factor of 32548 and 618.
206
Calculate the greatest common divisor of 9500 and 69312.
76
What is the highest common divisor of 2405 and 2960?
185
What is the greatest common divisor of 12818 and 1802?
34
What is the highest common factor of 12441 and 704613?
1131
What is the greatest common factor of 8619481 and 13?
13
What is the highest common divisor of 410 and 52265?
5
What is the highest common divisor of 211791 and 25878?
681
What is the greatest common factor of 136921 and 509?
509
Calculate the greatest common factor of 1296 and 453384.
216
Calculate the greatest common divisor of 336 and 1424430.
42
Calculate the highest common factor of 10 and 5866.
2
Calculate the greatest common divisor of 35 and 44779.
7
What is the greatest common factor of 58487 and 23881?
143
Calculate the greatest common factor of 2165 and 5.
5
What is the highest common divisor of 1246949 and 11?
11
What is the highest common factor of 181258 and 126?
14
What is the greatest common divisor of 85 and 731?
17
What is the greatest common factor of 798 and 75734?
38
What is the greatest common factor of 39 and 76037?
13
Calculate the greatest common divisor of 1012 and 104.
4
What is the highest common divisor of 164 and 1237134?
82
Calculate the highest common divisor of 549 and 2781.
9
What is the greatest common factor of 8425600 and 10?
10
Calculate the highest common factor of 22734 and 4266.
54
Calculate the greatest common divisor of 714 and 215054.
14
Calculate the highest common divisor of 47265 and 60.
15
What is the greatest common divisor of 8299 and 688?
43
Calculate the highest common divisor of 770 and 508970.
770
What is the highest common divisor of 5724 and 28?
4
Calculate the greatest common divisor of 14706230 and 2485.
2485
Calculate the greatest common factor of 1373435 and 35.
35
What is the greatest common divisor of 16412 and 88?
44
What is the highest common factor of 65 and 4780?
5
What is the highest common divisor of 42 and 962745?
21
What is the highest common factor of 153116 and 303?
101
What is the highest common factor of 52 and 52468?
52
What is the greatest common divisor of 188324 and 1?
1
What is the highest common divisor of 132408 and 1512?
216
What is the highest common factor of 114 and 38361?
57
Calculate the highest common factor of 85254 and 390.
78
Calculate the greatest common divisor of 149651 and 17.
17
Calculate the highest common divisor of 832 and 12116.
52
What is the highest common divisor of 84321 and 11104?
347
Calculate the highest common factor of 987693 and 49.
49
What is the greatest common divisor of 629523 and 10170?
1017
What is the highest common divisor of 896 and 146688?
128
What is the greatest common divisor of 6272 and 20480?
128
Calculate the greatest common divisor of 127647 and 10413.
117
What is the highest common divisor of 1175 and 35767?
47
What is the greatest common factor of 1048790 and 20?
10
What is the greatest common divisor of 52 and 2293057?
13
Calculate the greatest common divisor of 12511 and 2.
1
What is the greatest common factor of 29973 and 163461?
309
Calculate the greatest common factor of 144624 and 7728.
1104
Calculate the highest common factor of 58144 and 874.
46
Calculate the greatest common factor of 1673974 and 202.
202
What is the highest common divisor of 747 and 1328?
83
Calculate the greatest common divisor of 266316 and 660.
12
Calculate the highest common divisor of 28147 and 77.
7
What is the highest common divisor of 3171 and 40341?
21
What is the highest common factor of 12186 and 1552361?
677
Calculate the greatest common factor of 22712 and 582496.
1336
Calculate the greatest common factor of 708 and 3077322.
354
What is the highest common factor of 68 and 986578?
34
Calculate the highest common divisor of 1074848 and 32.
32
Calculate the highest common factor of 7332 and 35391.
141
Calculate the highest common divisor of 7 and 978516.
7
Calculate the greatest common factor of 1677 and 86151.
39
Calculate the highest common factor of 65830 and 435.
145
Calculate the greatest common factor of 145708 and 7884.
292
Calculate the highest common divisor of 2723 and 1556.
389
Calculate the highest common divisor of 4661 and 93397.
59
Calculate the greatest common factor of 704 and 3352.
8
Calculate the greatest common factor of 29880 and 135.
45
Calculate the highest common divisor of 2780 and 160.
20
What is the highest common factor of 304 and 2384?
16
What is the highest common divisor of 1408 and 14272?
64
What is the greatest common factor of 13 and 1168830?
13
What is the highest common divisor of 8 and 2078992?
8
Calculate the highest common divisor of 27058 and 664.
166
What is the greatest common divisor of 11 and 40216?
11
Calculate the greatest common factor of 22014 and 54.
18
Calculate the greatest common divisor of 7917 and 351393.
609
Calculate the greatest common factor of 671 and 891.
11
Calculate the greatest common divisor of 3734689 and 889.
889
What is the greatest common factor of 65 and 209625?
65
Calculate the greatest common factor of 216418 and 17062.
898
What is the gr